e the remainder when 576392 is divided by 27445.
47
Calculate the remainder when 24036551 is divided by 1128.
1127
What is the remainder when 678416 is divided by 37688?
32
Calculate the remainder when 31894 is divided by 392.
142
Calculate the remainder when 3436002 is divided by 6180.
6102
What is the remainder when 57308 is divided by 11173?
1443
Calculate the remainder when 13520713 is divided by 2704088.
273
Calculate the remainder when 451985 is divided by 224.
177
Calculate the remainder when 1578523 is divided by 887.
550
What is the remainder when 700690 is divided by 340?
290
Calculate the remainder when 557218 is divided by 392.
186
Calculate the remainder when 86254 is divided by 7150.
454
Calculate the remainder when 357321 is divided by 1296.
921
What is the remainder when 9016120 is divided by 3898?
46
Calculate the remainder when 15162283 is divided by 5054094.
1
What is the remainder when 17287442 is divided by 5762472?
26
Calculate the remainder when 65236721 is divided by 1633.
4
Calculate the remainder when 130297 is divided by 21634.
493
Calculate the remainder when 1390697 is divided by 4099.
1136
What is the remainder when 324558 is divided by 81133?
26
What is the remainder when 13380026 is divided by 781?
715
Calculate the remainder when 591308 is divided by 9693.
35
Calculate the remainder when 36025 is divided by 1918.
1501
Calculate the remainder when 23716 is divided by 21154.
2562
What is the remainder when 327968 is divided by 108527?
2387
Calculate the remainder when 1671856 is divided by 208922.
480
Calculate the remainder when 2190724 is divided by 7.
4
What is the remainder when 1631789 is divided by 331?
290
What is the remainder when 1661241 is divided by 10129?
85
What is the remainder when 11522967 is divided by 3583?
39
Calculate the remainder when 328644 is divided by 164276.
92
Calculate the remainder when 43349 is divided by 21308.
733
Calculate the remainder when 19447163 is divided by 18.
17
What is the remainder when 607333 is divided by 607322?
11
Calculate the remainder when 12366919 is divided by 43.
33
What is the remainder when 1404494 is divided by 328?
326
What is the remainder when 1852454 is divided by 860?
14
What is the remainder when 14144671 is divided by 122?
113
Calculate the remainder when 9478781 is divided by 847.
4
Calculate the remainder when 4851348 is divided by 2391.
9
Calculate the remainder when 361138 is divided by 6687.
40
What is the remainder when 119850 is divided by 7974?
240
Calculate the remainder when 144212 is divided by 7239.
6671
What is the remainder when 5326124 is divided by 2790?
14
Calculate the remainder when 512477 is divided by 34138.
407
Calculate the remainder when 2166764 is divided by 70.
54
Calculate the remainder when 566848 is divided by 1386.
1360
What is the remainder when 24189234 is divided by 6933?
6930
What is the remainder when 1389440 is divided by 2919?
2915
What is the remainder when 117112140 is divided by 1147?
1146
What is the remainder when 225738 is divided by 75235?
33
Calculate the remainder when 1551832 is divided by 22161.
562
What is the remainder when 10436359 is divided by 8128?
7
What is the remainder when 1350608 is divided by 1139?
893
What is the remainder when 119964 is divided by 18647?
8082
Calculate the remainder when 20838041 is divided by 47684.
133
What is the remainder when 68788 is divided by 750?
538
Calculate the remainder when 117199 is divided by 9008.
95
What is the remainder when 314676 is divided by 3246?
3060
What is the remainder when 39902519 is divided by 9975629?
3
What is the remainder when 273392 is divided by 68317?
124
Calculate the remainder when 19287618 is divided by 58.
8
What is the remainder when 3119006 is divided by 2106?
20
Calculate the remainder when 2307358 is divided by 2628.
2602
What is the remainder when 18848 is divided by 16804?
2044
What is the remainder when 33700 is divided by 33273?
427
What is the remainder when 5717802 is divided by 4660?
4642
Calculate the remainder when 8611563 is divided by 37770.
3
What is the remainder when 6795137 is divided by 4091?
4077
What is the remainder when 921515486 is divided by 126?
122
Calculate the remainder when 210399 is divided by 35053.
81
Calculate the remainder when 9852551 is divided by 1601.
1598
Calculate the remainder when 468767 is divided by 103.
14
What is the remainder when 102200360 is divided by 19?
6
Calculate the remainder when 457012 is divided by 780.
712
What is the remainder when 180211 is divided by 9134?
6665
Calculate the remainder when 440829 is divided by 146636.
921
Calculate the remainder when 112852669 is divided by 414.
409
Calculate the remainder when 4497888 is divided by 1418.
1410
What is the remainder when 8676641 is divided by 241015?
101
Calculate the remainder when 11924399 is divided by 2258.
2159
Calculate the remainder when 94282 is divided by 1325.
207
Calculate the remainder when 2940800 is divided by 425.
225
Calculate the remainder when 869855 is divided by 5059.
4766
Calculate the remainder when 78795 is divided by 525.
45
Calculate the remainder when 105336 is divided by 11695.
81
What is the remainder when 14331102 is divided by 7165365?
372
What is the remainder when 1228330 is divided by 46?
38
Calculate the remainder when 646019 is divided by 37999.
36
Calculate the remainder when 300693 is divided by 50.
43
What is the remainder when 82910 is divided by 2764?
2754
What is the remainder when 63936220 is divided by 222?
220
Calculate the remainder when 400529 is divided by 3954.
1175
What is the remainder when 7644455 is divided by 1911110?
15
What is the remainder when 843198 is divided by 168635?
23
Calculate the remainder when 50445 is divided by 871.
798
What is the remainder when 7044 is divided by 6778?
266
What is the remainder when 18755873 is divided by 429?
422
What is the remainder when 192022 is divided by 185?
177
What is the remainder when 477512 is divided by 8842?
44
Calculate the remainder when 799798 is divided by 199906.
174
Calculate the remainder when 149062 is divided by 24798.
274
Calculate the remainder when 60175 is divided by 590.
585
Calculate the remainder when 29662160 is divided by 5123.
5113
Calculate the remainder when 269023 is divided by 53802.
13
What is the remainder when 22398319 is divided by 184?
183
Calculate the remainder when 3793673 is divided by 249.
158
Calculate the remainder when 417900 is divided by 25.
0
Calculate the remainder when 1504378 is divided by 6512.
106
What is the remainder when 1714017 is divided by 39853?
338
Calculate the remainder when 625848 is divided by 6384.
216
Calculate the remainder when 144493 is divided by 24075.
43
What is the remainder when 680362 is divided by 340018?
326
Calculate the remainder when 4218561 is divided by 71.
25
Calculate the remainder when 25382 is divided by 1299.
701
Calculate the remainder when 593290 is divided by 80.
10
What is the remainder when 3649655 is divided by 14?
9
What is the remainder when 24831 is divided by 24597?
234
What is the remainder when 20136191 is divided by 628?
627
Calculate the remainder when 5296968 is divided by 2782.
40
What is the remainder when 612390 is divided by 107?
29
Calculate the remainder when 3342668 is divided by 15057.
14
Calculate the remainder when 440463 is divided by 467.
82
Calculate the remainder when 454775 is divided by 123.
44
Calculate the remainder when 1002859 is divided by 70.
39
Calculate the remainder when 254168 is divided by 1776.
200
Calculate the remainder when 50881 is divided by 3256.
2041
Calculate the remainder when 62921 is divided by 41.
27
Calculate the remainder when 630492 is divided by 261.
177
What is the remainder when 4184738 is divided by 4184718?
20
What is the remainder when 2303439 is divided by 4379?
85
What is the remainder when 4946267 is divided by 412184?
59
Calculate the remainder when 2125275 is divided by 1062632.
11
What is the remainder when 628194 is divided by 722?
54
Calculate the remainder when 61756090 is divided by 4750468.
6
What is the remainder when 9898115 is divided by 78?
71
Calculate the remainder when 5121530 is divided by 2560737.
56
What is the remainder when 53278 is divided by 4438?